54*g**2 + 434*g + 6. Give c(-8).
-10
Let f(d) = -d**3 + 5*d**2 - 4*d + 20. Determine f(7).
-106
Let b(d) = 2*d**3 - d**2 - 24*d + 12. Calculate b(-4).
-36
Let f(l) = -51*l + 48. What is f(-1)?
99
Let j(k) = 50*k**2 - 36*k - 68. What is j(-2)?
204
Let h(j) = 33*j - 176. Calculate h(5).
-11
Let x(y) = -31*y**2 + 155*y + 10. Determine x(5).
10
Let t(j) = -j**3 - 29*j**2 + 166*j - 185. Give t(-34).
-49
Let r(x) = -x**3 + 32*x**2 - 141*x + 59. Give r(26).
449
Let w(o) = -13*o - 42. Determine w(12).
-198
Let g(i) = i**2 - 6*i - 102. Calculate g(-8).
10
Let n(q) = -3*q**2 - 11*q + 34. Give n(-6).
-8
Let i(u) = u**2 - 74*u - 1772. Determine i(-19).
-5
Let y(p) = -19*p + 230. Give y(-10).
420
Let u(z) = -z**3 + 7*z**2 + 27*z - 80. What is u(9)?
1
Let a(b) = b**3 + 12*b**2 + 4*b + 730. Determine a(-15).
-5
Let n(i) = 67*i - 317. Calculate n(7).
152
Let c(o) = -2*o**2 + 7*o + 84. Determine c(8).
12
Let n(z) = z**3 + 20*z**2 + 17*z - 345. Give n(-18).
-3
Let h(k) = 4*k**2 + k + 90. Calculate h(-6).
228
Let i(h) = 15*h - 495. Determine i(33).
0
Let j(f) = f**3 + 36*f**2 + 3*f + 74. Calculate j(-36).
-34
Let l(o) = -o**2 - 6*o + 505. Calculate l(19).
30
Let d(l) = 51*l + 1078. Calculate d(-21).
7
Let h(i) = 2*i**2 + 44*i - 74. What is h(-24)?
22
Let x(a) = -55*a - 710. What is x(-13)?
5
Let m(f) = -f**3 + 7*f**2 + f + 24. What is m(9)?
-129
Let c(z) = -17*z**2 + 1541*z - 8634. Calculate c(6).
0
Let g(l) = -15*l**3 - 1888*l**2 + 251*l - 98. Calculate g(-126).
28
Let j(h) = -55*h - 1484. Give j(-27).
1
Let l(t) = 27*t**2 - 81*t - 275. Give l(5).
-5
Let h(q) = -q**3 - 17*q**2 + 65*q - 25. What is h(-20)?
-125
Let y(v) = -2*v**3 + 9*v**2 - 53*v + 223. Give y(5).
-67
Let h(j) = 8509*j + 3. Give h(0).
3
Let y(m) = -m**3 - 132*m**2 - 16*m - 5. Give y(0).
-5
Let g(h) = -19*h + 1334. What is g(71)?
-15
Let b(a) = a**3 - 40*a**2 + 382*a + 30. Calculate b(24).
-18
Let k(r) = -r**2 + 32*r - 68. Determine k(21).
163
Let l(h) = -h**2 - 5*h - 2. Determine l(11).
-178
Let k(q) = 3*q**3 + 80*q**2 - 13*q + 163. Give k(-27).
-215
Let b(o) = -o**3 + 16*o**2 - 65*o. Give b(8).
-8
Let m(c) = -c**3 + 21*c**2 - 86*c + 10. Calculate m(14).
178
Let w(p) = 172*p + 526. Calculate w(-3).
10
Let m(s) = s**3 + 90*s**2 + 258*s - 256. Calculate m(-87).
5
Let j(l) = 42*l + 1. Give j(-5).
-209
Let x(y) = 2*y**2 - 179*y - 357. What is x(91)?
-84
Let r(q) = -5*q**2 + 48*q - 3. Determine r(13).
-224
Let u(k) = 10626*k + 42503. Give u(-4).
-1
Let t(d) = d**3 + 91*d**2 + 167*d - 862. Give t(-89).
117
Let g(r) = -406*r + 9969. Calculate g(24).
225
Let n(q) = 19*q**2 + 6*q - 2. What is n(-3)?
151
Let z(v) = -13*v**2 - 36*v. What is z(-3)?
-9
Let j(u) = -9*u**2 + u - 1. What is j(-1)?
-11
Let p(c) = -c**2 - 30*c + 147. Determine p(-30).
147
Let n(x) = 4*x**3 - 2*x**2 - 123*x + 250. Give n(2).
28
Let n(u) = -u**2 + 33*u + 113. Calculate n(36).
5
Let d(p) = p**2 - 14*p + 17. What is d(4)?
-23
Let d(f) = -39*f + 895. Determine d(23).
-2
Let u(s) = -s**2 + 1003*s - 3978. Calculate u(4).
18
Let h(z) = -73*z - 4. What is h(-3)?
215
Let l(t) = t**3 + 3*t**2 - 35*t - 130. Give l(-5).
-5
Let d(s) = 46*s + 37. Give d(-5).
-193
Let f(i) = 4*i**3 + 21*i**2 + 60*i - 7. Determine f(-7).
-770
Let k(i) = -i**3 + 5*i**2 - 29*i + 78. Give k(4).
-22
Let q(r) = 5*r**2 + 24*r + 137. Calculate q(-7).
214
Let m(o) = -o**3 - 128*o**2 + 265*o + 670. Give m(-130).
20
Let m(i) = 24*i + 3028. Give m(-127).
-20
Let v(a) = -2*a**2 + 74*a + 438. Calculate v(37).
438
Let s(x) = 13*x**3 + 44*x**2 - 17*x - 20. Determine s(-4).
-80
Let y(q) = -q**2 + 28*q - 70. What is y(11)?
117
Let w(k) = 30*k - 293. Calculate w(8).
-53
Let k(z) = -96*z**3 + 12*z**2 - 5*z + 4. What is k(2)?
-726
Let g(o) = -4*o**2 + 103*o - 125. Calculate g(26).
-151
Let s(f) = -43*f - 2511. Calculate s(-34).
-1049
Let a(j) = 2*j**2 - 6*j - 154. Calculate a(12).
62
Let l(h) = 2*h**3 + 7*h**2 - 96*h - 471. Give l(-5).
-66
Let x(h) = -h**3 - 11*h**2 + 4*h + 38. Give x(-10).
-102
Let a(k) = k**3 - 3*k**2 - 9*k + 20. What is a(6)?
74
Let a(t) = -2*t**3 - 186*t**2 - 37*t - 3423. Determine a(-93).
18
Let q(x) = 6*x**2 - 87*x + 247. Give q(3).
40
Let i(s) = -s**3 + s**2 + 49*s - 2. What is i(0)?
-2
Let n(t) = -t**3 + 11*t**2 - 7*t - 6. What is n(7)?
141
Let y(u) = 14*u**2 - 12*u + 12. Determine y(3).
102
Let n(w) = w**2 + 80*w - 434. What is n(5)?
-9
Let j(k) = 2*k + 7. Calculate j(-10).
-13
Let p(j) = -3*j**2 + 98*j + 361. Determine p(36).
1
Let l(i) = -634*i + 7035. Determine l(11).
61
Let g(d) = d**3 + 14*d**2 - 30*d + 35. What is g(-16)?
3
Let b(n) = -306*n - 1193. What is b(-4)?
31
Let d(w) = -282*w - 3690. Calculate d(-13).
-24
Let i(j) = 9*j - 486. Give i(52).
-18
Let v(j) = -j**3 + 45*j**2 - 45*j + 84. Determine v(44).
40
Let o(h) = -88*h - 494. Determine o(-7).
122
Let o(a) = 3*a**3 + 20*a**2 + 11*a + 25. What is o(-8)?
-319
Let l(t) = t**2 - 139*t + 4679. What is l(82)?
5
Let q(k) = 6*k**2 - 7*k + 18. Determine q(2).
28
Let o(w) = 7*w**3 + 2*w**2 + 21*w - 23. What is o(1)?
7
Let y(z) = 25*z**2 + 320*z - 69. Calculate y(-13).
-4
Let n(m) = -2*m**2 - 28*m - 17. What is n(-14)?
-17
Let g(c) = 38*c**2 - 563*c. What is g(15)?
105
Let r(c) = 32*c + 565. Calculate r(-12).
181
Let x(p) = -10*p**2 + 25*p - 2. What is x(4)?
-62
Let s(w) = w**3 - 37*w**2 + 105*w - 18. What is s(34)?
84
Let g(c) = 2*c**2 - 32*c - 50. Calculate g(18).
22
Let p(b) = b**2 - 1191*b + 8294. Give p(7).
6
Let u(c) = 3*c**3 - 28*c**2 + 13*c + 5. Calculate u(8).
-147
Let i(o) = -2*o**3 + 103*o**2 + 51*o + 74. What is i(52)?
22
Let p(n) = n**2 + 2*n - 93. Give p(-17).
162
Let y(l) = -l**2 - 36*l - 82. Determine y(-10).
178
Let l(f) = 9*f**2 - 54*f - 111. Give l(-2).
33
Let g(p) = -28*p + 9. Calculate g(-1).
37
Let y(d) = d**2 + 50*d - 552. Determine y(10).
48
Let h(n) = 7*n - 27. What is h(4)?
1
Let g(i) = -139*i + 4735. What is g(34)?
9
Let x(b) = b**3 - 5*b**2 - 13*b + 24. Calculate x(6).
-18
Let f(k) = 2*k**2 + 422*k + 5907. Determine f(-15).
27
Let c(z) = -27*z + 1799. What is c(49)?
476
Let x(b) = -309*b + 34315. Give x(111).
16
Let l(w) = 33*w - 1405. Determine l(41).
-52
Let b(l) = -28*l - 687. Determine b(-8).
-463
Let k(j) = 265*j - 1648. Determine k(5).
-323
Let k(r) = 122*r - 552. Give k(5).
58
Let o(y) = -2*y**2 + 80*y - 299. Calculate o(4).
-11
Let z(u) = -127*u - 6069. What is z(-48)?
27
Let v(b) = 2*b - 92. What is v(12)?
-68
Let y(z) = -2*z**3 - 47*z**2 - 62*z + 81. Give y(-22).
-7
Let u(k) = k**3 - 5*k**2 - 27*k + 21. Determine u(8).
-3
Let t(y) = 3*y**3 + 17*y**2 - 29*y - 98. Give t(3).
49
Let n(i) = i**2 + 44*i + 189. Determine n(-6).
-39
Let g(u) = 2*u**2 + 76*u - 794. What is g(-45)?
-164
Let w(c) = -c**3 - 6*c**2 + 61*c + 47. What is w(-11)?
-19
Let n(c) = -3*c + 74. Give n(14).
32
Let d(k) = -5*k**3 - 57*k**2 + 30*k + 581. Give d(-11).
9
Let h(l) = l**3 + 168*l**2 - 2167*l - 1275. Determine h(-180).
-15
Let m(f) = f**2 + 7*f - 58. Calculate m(-13).
20
Let j(a) = -76*a**2 + 610*a - 10. What is j(8)?
6
Let g(f) = f**2 + f - 256. Determine g(16).
16
Let c(s) = 2851*s + 54170. Calculate c(-19).
1
Let a(x) = 230*x - 23694. What is a(103)?
-4
Let x(t) = t**2 + 10*t - 542. What is x(-28)?
-38
Let r(i) = 3*i**3 + 56*i**2 - 5*i + 15. What is r(-19)?
-251
Let w(v) = v**3 + 5*v**2 - 17*v + 5. Determine w(-8).
-51
Let d(x) = -x**2 - 53*x + 1459. Give d(20).
-1
Let o(k) = k**2 + 141*k + 3170. Determine o(-29).
-78
Let v(k) = -212*k - 1324. Calculate v(-6).
-52
Let t(r) = 2*r**3 - 132*r**2 - 405*r - 606. Give t(69).
15
Let v(k) = k**2 - 24*k + 46. Calculate v(19).
-49
Let w(u) = 115*u - 5287. Determine w(46).
3
Let u(z) = 478*z + 26299. Determine u(-55).
9
Let f(t) = -89*t - 89. Determine f(-1).
0
Let a(o) = 7*o**2 - 120*o + 136. Calculate a(16).
8
Let n(q) = 369*q + 1207. What is n(-3)?
100
Let u(d) = -22409*d + 44849. Give u(2).
31
Let h(q) = 53*q + 120. Give h(-2).
14
Let f(i) = -2*i**3 - 2*i**2 - 74*i - 241. What is f(-3)?
17
Let h(p) = 16*p**2 - 155*p + 35. Give h(13).
724
Let m(k) = k**3 - 19*k**2 - 223*k + 2466. Calculate m(24).
-6
Let w(a) = -a**2 + 35*a - 272. What is w(23)?
4
Let f(h) = -h**3 - 6*h**2 - 6*h - 8. Determine f(-5).
-3
Let l(t) = -2*t**3 - 7*t**2 - 29*t - 71. Give l(-3).
7
Let n(u) = -6*u**2 + 101*u + 14. Determine n(17).
-3
Let g(t) = t**3 - 26*t**2 - 507*t - 59.